*3 + 3. Let u be c(0). Suppose 0 = -u*o - 2*o + 15. Suppose 0 = -o*k + 24 - 0. What is the units digit of k?
8
Let y = 36 - 26. Suppose y + 22 = 4*c. Suppose 43 = 5*b + c. What is the units digit of b?
7
Suppose -348 = -6*t - 90. What is the units digit of t?
3
Suppose -34 = -5*p + 21. What is the tens digit of p?
1
Suppose 2 + 4 = -3*w. What is the units digit of (-30)/w + -1 + 3?
7
Suppose m + 11 = -0*m. Let a = m - -33. What is the tens digit of a*(2 - (2 - 1))?
2
Suppose 7*y = 6*y. Let m be 2 - y/(-3) - 2. Let c(w) = w + 1. What is the units digit of c(m)?
1
Suppose 0 = -5*t - o + 6*o + 350, 347 = 5*t - 4*o. What is the units digit of t?
7
Suppose -7*m + 3*m - 16 = 0. Let h = m + 2. What is the units digit of h/(-6) + (-22)/(-6)?
4
Let s = 237 + -109. What is the units digit of s?
8
Let l = 18 - 13. Suppose l + 17 = h. What is the units digit of h?
2
Let c(m) be the second derivative of m**4/4 + m**3/6 - m**2/2 - 2*m. Let l be c(1). Let j = l + -2. What is the units digit of j?
1
Let s(r) = r - 1. Let f be s(6). Suppose 69 = -2*i + f*i. What is the units digit of i?
3
Let a = 32 + 34. What is the units digit of a?
6
Suppose -94 = 3*c - 5*c. Let p = c + -12. What is the units digit of (-10)/p + 114/7?
6
Suppose 3*j + 0*j = r - 5, -j = 4*r - 7. What is the units digit of (3 + j)*(-5)/(-2)?
5
Suppose 3*k - 30 = 69. Suppose 5*v = k + 92. What is the units digit of v?
5
Let g(b) = 3*b + 3. Let t be g(6). Suppose t = -o + 4*m + 8, -o + m = -2. Suppose 0 = o*p - 3*p - 28. What is the units digit of p?
7
Let r(x) = -2*x**2 - 3*x - 3. Let t(v) = 3*v**2 + 5*v + 5. Let a be 2/(-1 + 0) + -1. Let n(y) = a*t(y) - 5*r(y). What is the units digit of n(1)?
1
Let z(m) = 16*m**2 - m - 1. What is the tens digit of z(-1)?
1
Suppose -2*k + 349 = 5*m, -3*m + 884 = 5*k - 2*m. What is the units digit of k?
7
Let q = -12 + 15. What is the units digit of q?
3
Suppose 0*l = -2*l + 2*y + 114, y = 4*l - 219. Suppose 4*s - 7*s = -l. What is the tens digit of s?
1
What is the hundreds digit of ((-8856)/(-48))/(1/2)?
3
Suppose -2*x - 5*z + 10*z = -11, 4*x + 5*z = 7. Suppose -m + 29 = -6*m - x*q, -5*m + q - 17 = 0. What is the units digit of 47/9 + m/18?
5
Suppose 6*r - 2*r - 923 = k, -r = 4*k - 252. What is the units digit of r?
2
Suppose -6*d + 2*d + 24 = 0. Suppose -3*j - 4*o + 6 = 4, d = 2*j - 2*o. Suppose 3*p + j - 18 = -2*i, -20 = -5*p - 5*i. What is the units digit of p?
8
Suppose -d + 4*d - 6 = 0. Suppose 47 + 1 = 4*o. Suppose o = 5*b - d*b. What is the units digit of b?
4
Let t be 0 + 6 - (1 - -1). Suppose 4 = t*j - 0*j. What is the units digit of ((-54)/6)/(j*-1)?
9
Let v be 40/(-15)*9/(-6). Let a be 1/((-3)/6) + 15. Suppose a = v*m - 51. What is the units digit of m?
6
Suppose -30 + 9 = 3*n. Let k = n - -12. Let f = 10 - k. What is the units digit of f?
5
Let x be (-6)/(-21) + (-44)/7. Let h be -1 - (-5)/(10/x). What is the units digit of 0 - -4 - (2 + h)?
6
Suppose -4*f - 9 + 1 = 0. Let s(n) = -2*n + 2. Let l be s(f). What is the units digit of (2/(-1))/(l/(-36))?
2
Suppose x - 9 = 4*x. Let d = 9 - x. What is the units digit of d?
2
Let m = 2 - -11. Suppose 5*d - m = 7. What is the units digit of d?
4
What is the tens digit of -64*(-2)/(-8)*-6?
9
Let g = 2 + 40. What is the tens digit of g?
4
Suppose -5*r = -4*q - 160, 104 = -r + 4*r - 4*q. What is the units digit of r?
8
Let n(r) = -22*r - 16. What is the tens digit of n(-9)?
8
Suppose 7*n - 120 = 2*n. What is the units digit of n?
4
Let n(s) = -41*s + 27. What is the tens digit of n(-6)?
7
Suppose -w = 1 - 16. What is the tens digit of 10*1/(w/24)?
1
Let p be 30/(1 - 1/(-1)). Suppose -4*v = -p - 109. What is the tens digit of v?
3
Let h(g) = g**3 - 3*g**2 - 5*g - 3. Let a be h(4). Let s(u) = -u**3 - 8*u**2 - 9*u - 4. Let n be s(a). What is the units digit of (4/10)/(2/n)?
2
Suppose -7*z - 60 = -9*z. What is the units digit of z?
0
Let l = 2 - 0. Let d = l - -3. Suppose d*t - 37 = -7. What is the units digit of t?
6
Suppose -7*x - 71 = -1443. Suppose 0*g = 4*g - x. What is the units digit of g?
9
Let c(l) = -l + 16. Let i be c(8). Suppose -i = -4*p + 20. What is the units digit of p?
7
Let x be (-1 - 0)/((-1)/2). Suppose -7*j + x*j = -145. What is the units digit of j?
9
Suppose 0 = -2*a - 3*a. Suppose -5*z + a*z + 83 = -2*u, -2*z + 4*u + 30 = 0. What is the tens digit of z?
1
Let a(n) = n**2 + 8*n - 17. What is the tens digit of a(6)?
6
Suppose s - 195 = -5*u, s + 3*s + 5*u = 720. What is the tens digit of s?
7
Let t(w) be the first derivative of 2*w**3/3 - 2*w**2 - 3*w - 2. What is the units digit of t(4)?
3
Suppose -4*s + 6 = 3*u, -4*u + s + 8 = -3*s. Suppose 0*a - u*a + 24 = 0. What is the units digit of a?
2
Let n(a) = a**2 + a + 1. Let i be n(-2). Suppose i*m - 22 = -7. What is the units digit of m?
5
Let h(a) = 7*a**2 + 17*a + 6. Let p(i) = -3*i**2 - 8*i - 3. Let u(d) = 2*h(d) + 5*p(d). What is the units digit of u(-4)?
5
Suppose 186 = 4*t - s - 116, -5*t - 3*s + 369 = 0. Let q = t - 107. What is the units digit of q/(-6) - 3/9?
5
Suppose 0 = 5*k + 2*i + i + 86, -2*i = -2*k - 44. Let q = -9 - k. What is the tens digit of q?
1
Suppose 0*n = 3*n - 660. Suppose 174 = 4*p + 2*j, 3*j = -5*p - 0*j + n. What is the units digit of p?
1
Let b(h) = -h**3 + 5*h**2 + 5*h + 2. Let p be b(6). Let g = -1 - p. Suppose -3 = -3*a, 2*a = -g*u + 29 + 18. What is the units digit of u?
5
Suppose 5*w - 38 - 72 = 0. Let q = -18 + w. What is the units digit of q?
4
Suppose 0 = 8*h - 7*h + 3. Let g = h - -31. What is the units digit of g?
8
Suppose 2*n = 4, -n - 6 = -2*h + 2*n. What is the units digit of h?
6
What is the units digit of 3*((-294)/(-18) - 2)?
3
What is the tens digit of (2/(-1) - -39)/((-10)/(-10))?
3
Suppose 0 = -5*c + 5*n + 865, -c + 4*c = -2*n + 529. What is the tens digit of c?
7
Suppose 5*g - 5 = 0, -2*t + g = 2*t - 891. What is the tens digit of t?
2
Suppose 3 = 4*h - 5. Suppose g = 4 + h. What is the units digit of g?
6
Suppose 119 = 5*u - 141. What is the tens digit of u?
5
Suppose 0*y - 3*f = 2*y - 29, 18 = 4*y - 2*f. What is the units digit of y?
7
Let c = -4 + 4. Suppose 0*q + 4*g = 2*q - 2, c = 3*q + 5*g + 30. Let a = q + 13. What is the units digit of a?
8
Let t(j) = j**3 - 9. Let s be t(0). Let x(v) = -v - 3. What is the units digit of x(s)?
6
Let p = -338 + 484. What is the tens digit of p?
4
Let j(k) = 105*k**2 + 2. What is the hundreds digit of j(-2)?
4
Let f(h) = 0 + h**2 - 4*h - 2 + 0*h. Let u(g) = -g - 4. Let d be u(-9). What is the units digit of f(d)?
3
Suppose 10 = -4*v - 2*d, 0 = v + 2*v - 2*d + 18. Let c(x) = x**3 + 3*x**2 - 3*x + 5. What is the units digit of c(v)?
1
Let v be 68/(-8) + (-2)/(-4). Let o be 8/6*(-12)/v. Suppose -2*z = 5*l - 14, 8 = 3*z + o. What is the units digit of l?
2
Let j(u) = u**3 - 5*u**2 - 4*u - 3. Suppose 2*x = -2*x + 24. What is the units digit of j(x)?
9
Suppose 3*k = -4*g + 156 + 50, -2*k - g = -129. What is the units digit of k?
2
Let p be 3 - (-38 + (1 - 1)). Let k = -25 + p. What is the units digit of k?
6
Let s(d) = d**2 + 2*d + 2. Let n(q) = -2*q**2 - 3*q - 4. Let w(c) = -3*n(c) - 5*s(c). What is the units digit of w(3)?
8
Suppose -41 = -n - p, 2*n - 5*n + 4*p = -123. What is the tens digit of n?
4
Suppose -b - 4*g = 50, 2*b - 3*b + g - 60 = 0. What is the tens digit of (b/(-10) - -1)*5?
3
Suppose 15 = -o + x - 0*x, x = -4*o - 45. What is the tens digit of (-220)/(-16) + (-3)/o?
1
Let z(f) = -7*f**2 + 6*f - 4. Let w(n) = -n**2 - n - 1. Let b(m) = 6*w(m) - z(m). Let j(h) be the first derivative of b(h). What is the units digit of j(8)?
4
Let p(c) be the second derivative of -c**3/6 + 7*c**2/2 + 2*c. Let d(y) = 3*y - 27. Let w(s) = 4*d(s) + 15*p(s). What is the units digit of w(-2)?
3
Let m be (5 + 2)*(-2)/(-7). Suppose 3*j - m*j = 19. What is the tens digit of j?
1
What is the units digit of 36 - 6*(-3)/(-6)?
3
Let n be 0/((-4)/(-2)) - -2. Suppose -3*k + 7*k + 5*s = -17, 3*k - 4*s + 36 = 0. What is the units digit of (-2 + k)/n*-2?
0
Suppose 4*j + 246 = 2*j + 4*i, -4*j = i + 510. Let k = -85 - j. What is the tens digit of k?
4
Suppose -4*o = -o + 33. Let i = o + 16. What is the units digit of i?
5
Let m(d) = d**3 - 6*d**2 + 2*d - 4. What is the units digit of m(6)?
8
Suppose 8*c + 4*h = 3*c + 22, 5*h - 23 = -4*c. Suppose c*f - 1 = 19. What is the tens 